 + -1 - 0))
30
What is 43 + (-27 - (162 + -97))?
-49
Calculate 4 - (353 + -362 - (-2 + 4 + -2)).
13
(54 - -11) + (-72 - 49)
-56
Calculate 6784 + -6760 + -23 + 1 + -2 + 1 + -47.
-46
-25 + 2 - (-5270 - -5277)
-30
-66 + (16 - ((19 - 3) + -7 - -14))
-73
Calculate 3 + -1 + (0 - 18) - (-2 - -15).
-29
Calculate 7 - (14 + -13) - (30 - 48).
24
Calculate 38 - 1 - (9 + -23 + (17 - 1) + -9).
44
4 + 6 - (7 + -7) - (4 - -9)
-3
Calculate 3 + -20 + 71 - (-15 - -38).
31
Calculate (6 + -2 - 39 - (-3 + 4)) + 1 + 2.
-33
What is (-751 - -780 - (0 - -5)) + 0 + 13?
37
What is the value of 0 - (11 + (-129 - ((4 - -11) + -9)))?
124
Evaluate (-106 - -3) + (-7 - (6 + (6 - -11 - 25))).
-108
What is (12 + -12 + 67 - 2 - 6) + (-2 - 6)?
51
Evaluate (25 - (-8 + 6)) + (-904 - -886).
9
Evaluate -34 + 40 + 9 - 36 - 7.
-28
Calculate 25 + -52 + -82 + 102.
-7
(-1 - 1) + 122 + (125 - (128 - 11))
128
Calculate 27 - (0 - 0) - (-2775 - -2794).
8
What is the value of 32 - (6 - (9 + 1 + (20 + -10 - 12)))?
34
-41 + -8 + 19 + 18 + 35
23
Calculate -2 + (-6 - -3) - (-83 - (5 - -11)).
94
Calculate 83 - (81 - 24) - 16.
10
9 + 0 + (18 - (11 + (-1 - 7))) - -5
29
What is the value of 2 + 1 - (5 + -927 + 841 + (0 - -16))?
68
79 - -1 - (24 - (22 - -33) - -23) - -9
97
-120 + (125 - (4 + -108))
109
What is the value of -163838 - -163842 - (1 + -1 - 0 - 13)?
17
What is the value of -5 + 92 + -188 - -16?
-85
What is 2 + -2 - 106 - (-68 - -54) - 17?
-109
What is the value of 53 + (7 - 1) + 16 + -23 + -11 + 8?
49
What is -85 + 5 - (-1 - 17)?
-62
Calculate 281 - 195 - (17 - (4 - 9)).
64
What is the value of 44 - (40 + 65 + -53)?
-8
Calculate 0 + -9 + 15 + -31 + 12 + -27 - -4.
-36
Calculate (-213 + 177 - (-38 - 3)) + 11.
16
What is the value of 43 - (-70 - (134 + -217))?
30
-2 + 3 + (1 - -6 - (-886 - -978))
-84
What is (-366 - -329 - (-1 - 25)) + 8 + 1 - -46?
44
Calculate 16 + (-10 - -11 - 13) - 18 - -20.
6
Calculate -23 - (-12 - 7 - (-35 + 11)).
-28
What is 0 + -41 + (18 - -13) + 8?
-2
17 + (-66 + -29 - -18)
-60
Calculate -26 + (6 - 1) - (-20 + 50 - 40) - 61.
-72
What is 2 - 15 - (-2257 + 2287)?
-43
Calculate 1432 + -1444 + (25 - 1).
12
-5978 - -5979 - (-65 + 1 + 0)
65
What is the value of (-9 - (-8 - 15)) + -6 - (-1 + 5 - -30)?
-26
-9 + (5 - ((-5 - 6) + -14 + -6))
27
What is the value of (-9 - (-6 + -2)) + -6 + -38?
-45
Evaluate (5 - -42 - (-1 - -32)) + -1.
15
Evaluate (3 - 0) + (12 + -27 - -20) + -3.
5
1 - (1 + 0) - (87 + -67 - 27 - 33)
40
(0 - 0 - -53) + (-102 - -135) + -35
51
Calculate -35 - (-49 + 14 + 34).
-34
2 - (0 + 7) - (4404 + -4414)
5
What is the value of -50 + 46 - -29 - (-72 - -12)?
85
(4 - (-7 - -2 - 2)) + (26 - 157) + 5
-115
Evaluate -83 + 83 + 66 + 4.
70
What is -10 + (-1 - -13) + -9 + 6 + 14?
13
-12 - ((12 - 25) + 7) - -11 - 31
-26
What is the value of 63 - (57 + -8 + -28) - ((2 - -2) + -1)?
39
What is the value of 63 + (-151 - (45 + -119))?
-14
What is -23 + 7 + 22 - (11 - 5)?
0
1 - 36 - ((-5 - -14 - 38) + 36)
-42
What is 1 + 4 + (32 - 23) + -16?
-2
What is the value of (-10 - -19) + -1 + -5 + 6 - 49?
-40
Calculate (-26 + 29 - 0) + 6.
9
What is -57 - (-160 - (29 + -52))?
80
What is (31 - 168) + 10 + 25 - 11?
-113
Evaluate (31 - (-1 - 5 - (-5 - 0))) + (-6 - -7).
33
-5 - (23 + (-7 - 8) + (-1 - 85) + 13)
60
What is (-6 - 56) + (-25 - -103)?
16
Evaluate (-17 + -3 - (-7 - 2)) + 3 + -13 + -40.
-61
What is the value of (-6 - -17) + -14 + -66 + (21 - -3)?
-45
Calculate -2002 + 1965 + (68 + 4 - -1).
36
Calculate -63 + 63 + -2 - -7.
5
What is 35 + -23 - -13 - -19?
44
-128 + 135 - (20 + -1) - -40
28
-2 + 28 - (6 - (72 - 73))
19
What is the value of (2 - -1) + (-17 - -33 - 17) + -6 + 2?
-2
(-5 - (6 - (4 + 4))) + -7 - (-35 - -66)
-41
What is the value of -139 + (100 - -10) + (-3 - -6 - -3)?
-23
What is the value of -43 - (37 - 103) - (11 + -4 + 8)?
8
Evaluate (28 - (13 + -31)) + -26 + -46.
-26
What is 64 + (-20 - (45 - 66))?
65
What is -12 - (8 + 35 + -53 + 63 + 0)?
-65
What is the value of 37 + (28 - -56) + -113?
8
Calculate (121 + -150 + 44 - (-2 - -21 - -1)) + 68.
63
Evaluate -14 - 0 - (66 - (-31 + 60)).
-51
151 - 256 - (-32 + 9)
-82
Calculate 33 - (1 + -57 + (561 - 568)).
96
(64 - (0 + 2)) + (-16 - (-57 + 44))
59
Calculate -8 - 1 - (1 + -3 + 15 + -19).
-3
Evaluate (1775 - 1788) + (-65 - -6).
-72
Calculate -34 + 2 + 409 + -426.
-49
Evaluate (5 + -5 + 9 - 3) + -7 + 9 - 32.
-24
2 + -16 - (-13 + 10 + 2 + 1 + 115)
-129
Calculate 0 + -18 - (209 + -213) - (9 - -3).
-26
-2 + -25 + (-14 + 16 - (-7 - -2) - 3)
-23
Calculate (30 - -38 - 8 - 30) + -95.
-65
What is the value of -1 - (-6 - 2 - (33 - 6) - -9)?
25
What is 13 - (-3137 + 3123 - ((0 - 1) + 0 - 15))?
11
Calculate 99 - (284 - 78 - 85).
-22
What is the value of (22 + (-43 - -22) - 46) + 4?
-41
70 - ((-5 - (-19 - -7)) + (-31 - -1) + 12)
81
What is (0 - -53) + -6 + 12 + 6?
65
What is the value of -68 - (32 + 39 - 50)?
-89
What is the value of -6 - (-12 + (0 + 9 - (-2 - (-58 + 13))))?
40
Evaluate -9 - -12 - (1657 + -1599).
-55
What is the value of -232 - (-79 - (3 - -39))?
-111
Calculate 1 + (-1 - 0) + (-51 - (-62 - -1)) + -33.
-23
What is the value of -7 + 29 + (1 + 24 - 9)?
38
What is the value of 34 - (-8 + 9 + -1 - (19 - 9))?
44
Evaluate 0 + (27 - 1) + -17 + 32.
41
What is 2 + (-2 - (-3 + -3)) - (-53 + 67) - -122?
114
Calculate 70 - (8 + -31 + -10).
103
What is the value of -45 - 58 - -65 - -108?
70
What is the value of -60 - (71 + -31 + -128)?
28
Calculate (-263 - -398) + -121 + (-46 - -1).
-31
Evaluate 39 + 4 + -18 + 1 + 3.
29
What is the value of (0 - -17) + (6 - 107) + -8?
-92
What is 128 - (100 + 126 + 48)?
-146
What is 16 + -102 + 65 + 34?
13
Calculate (-270 - -226) + (-1 - -27) - (47 + -3).
-62
Calculate 14 + (24 + -48 + 44 - 3).
31
What is the value of -1415 - -1594 - (2 + 80)?
97
What is -23 + (11 - 5) + 18 + -17?
-16
(-11 + 13 - 1) + -15 + 7 + -47
-54
Evaluate -4 + 1 + 62 - ((-53 - -69) + 3 + -26).
66
What is the value of -26 + -22 + 66 - 2?
16
Evaluate (-83 - (28 + -125)) + (1 - -49).
64
Calculate 45 + -100 + (136 - 67) - (0 + 1 + 0).
13
What is 0 + 1 + 11 + 8 + 11 + -16 + 4?
19
-4 - (-6 + 5) - (-12 - (19 + -42))
-14
85 - (21 + 17) - (3 - -2 - 3)
45
What is the value of -9 + 0 + (-7 + 6 - 5 - -14)?
-1
What is (14 - -11 - (38 + -5)) + 25 + (1 - 3)?
15
Calculate (126 - 86) + -105 + -14 + -1 + 0.
-80
What is (7 - (-3 + -66)) + (-5 - 13 - (-12 + 3))?
67
Evaluate 114 - ((-44 - -33) + 47 - 46).
124
(5 - (-7 + 21)) + 51 + -12
30
Evaluate (328 - 331) + (-52 - -3).
-52
-67 - -74 - (-28 + 1)
34
Evaluate -16 + -13 + -1 + 11 + 11.
-8
Calculate -16 + -11 + 14 + 65 + -15.
37
What is the value of -3 + 10 + (12 - 29) - (-35 + 10)?
15
0 + 3 - -53 - (11 - (-1 + 0))
44
What is the value of 2 + -3 + 40 + -28 - (-28 - 1)?
40
What is the value of -8 - 22 - 11 - -58?
17
What is the value of -100 + 78 + 124 + -78?
24
What is the value of 58 - ((3 - 15) + 3 - -44)?
23
Calculate -11 + (11 - 3) + -3 + (-16 - 18 - -39).
-1
(-3 + (-18 - -6) - 2) + 15
-2
-5 + (-13 - (-8 - (-14 - -19))) + (101 - 0)
96
(62 - (91 + -21)) + 26
18
What is the value of 110 + 24 + (-114 - -14)?
34
Calculate 48 - (-68 - (26 + -149)).
-7
89 - (232 + (-61 - -8))
-90
What is the value of 5 + 39 + -13 + 4 + 16?
51
What is the value of 101 + 9 + -28 + -11 + (31 - -6)?
108
Evaluate 2 + -24 - (-61 + (100 - 30)).
-31
What is -22 + -1 + (62 - (37 - 24) - 36)?
-10
47 + (1 + 11 + -28 + 20 + -10 - -6)
47
What is the value of -1 + -51 + (15 + -11 + -5 - 1) + -4?
-58
-4 + -2 + -10 - -112 - (-34 + 32)
98
Evaluate (-86 - (115 + -194)) + 0 + 5 + -1 + 0.
-3
Calculate ((-10 - (-6 - 13)) + (1 - 5) - 1) + -34.
-30
What is the value of (-5 - (-4 - -4)) + (5 - 100) + 69?
-31
What is the value of (-60 - 94) + 62 + 21?
-71
-61 + -108 + 73 - (-15 + 2)
-83
What is the value of 0 + (-4 - 6) + (4 - -1) + (32 - -38)?
65
What is the value of 12 + -12 - -12 - (-10 + 13 + 3)?
6
Calculate (-71 - (22 - 79)) + 54.
40
18 + (40 - -35) + -191
-98
Calculate -10 + (-48 - 8) + (5 - (-7 - -17) - -5).
-66
What is the value of (-53 - -19) + -29 + (0 - -14) + 0?
-49
Calculate (1 - -11) + 4 + -15 + -16 + -12.
-27
Calculate 123 - 148 - -17 - (1 + (1 - -11)).
-21
Evaluate (-1025 - -1006) + (10 - (2 - 1)) + -8.
-18
Evaluate -41 - (19 - (-10 + (19 - -1))).
-50
What is (-56 + (-2 - -28) - -13) + -14?
-31
Calculate (-23 - -1) + 15 + (15 - 